1011 (base 2) to base 4.
23
Convert -135 (base 6) to base 14.
-43
Convert -2e (base 16) to base 5.
-141
What is -37 (base 13) in base 5?
-141
-101001 (base 2) to base 11
-38
What is -222 (base 3) in base 13?
-20
What is 2 (base 7) in base 14?
2
Convert 200 (base 3) to base 6.
30
-3 (base 10) to base 5
-3
What is -3 (base 5) in base 7?
-3
What is 158 (base 10) in base 8?
236
-13 (base 6) to base 2
-1001
-12 (base 3) to base 5
-10
What is -52 (base 8) in base 5?
-132
-20212 (base 3) to base 11
-159
Convert 101 (base 3) to base 10.
10
-30 (base 6) to base 9
-20
What is -17 (base 10) in base 5?
-32
-2 (base 9) to base 10
-2
-1 (base 14) to base 8
-1
Convert -5 (base 16) to base 5.
-10
3 (base 9) to base 7
3
-1 (base 12) to base 10
-1
Convert 11 (base 5) to base 13.
6
Convert 1131 (base 6) to base 15.
131
-42 (base 8) to base 13
-28
11 (base 3) to base 11
4
What is a9 (base 16) in base 4?
2221
-11110 (base 2) to base 14
-22
Convert 12 (base 6) to base 11.
8
What is -101 (base 2) in base 3?
-12
What is 252 (base 6) in base 3?
10212
-3 (base 7) to base 9
-3
What is -1 (base 3) in base 12?
-1
0 (base 4) to base 9
0
180 (base 12) to base 7
462
Convert 1a (base 13) to base 9.
25
What is 5 (base 7) in base 4?
11
1101 (base 2) to base 11
12
10 (base 2) to base 9
2
-1101 (base 3) to base 10
-37
What is -69 (base 10) in base 6?
-153
Convert 1 (base 7) to base 16.
1
2 (base 5) to base 9
2
What is -123 (base 7) in base 9?
-73
-10100101 (base 2) to base 16
-a5
Convert 6 (base 14) to base 6.
10
Convert 100 (base 2) to base 4.
10
Convert -8 (base 15) to base 12.
-8
3 (base 9) to base 15
3
Convert 2 (base 12) to base 3.
2
Convert -1 (base 12) to base 10.
-1
-2 (base 11) to base 3
-2
-21 (base 3) to base 2
-111
Convert -1 (base 7) to base 10.
-1
What is -20 (base 3) in base 15?
-6
Convert 237 (base 9) to base 6.
524
What is -4 (base 6) in base 12?
-4
Convert 3 (base 9) to base 14.
3
-1 (base 5) to base 8
-1
Convert -3 (base 11) to base 10.
-3
4 (base 8) to base 5
4
-3 (base 13) to base 10
-3
Convert 21 (base 11) to base 4.
113
Convert -3 (base 14) to base 16.
-3
-101 (base 3) to base 13
-a
What is 8 (base 15) in base 10?
8
What is -12 (base 6) in base 9?
-8
123 (base 4) to base 7
36
54 (base 15) to base 10
79
Convert -2 (base 11) to base 16.
-2
What is 10110101 (base 2) in base 4?
2311
-2 (base 3) to base 10
-2
Convert 4 (base 5) to base 2.
100
Convert 5 (base 14) to base 13.
5
Convert 3 (base 9) to base 15.
3
1 (base 2) to base 15
1
Convert 26 (base 7) to base 3.
202
What is -8 (base 13) in base 8?
-10
What is -1 (base 12) in base 9?
-1
Convert -56 (base 13) to base 9.
-78
-1 (base 8) to base 5
-1
What is -6 (base 9) in base 11?
-6
Convert 55 (base 11) to base 6.
140
Convert -1 (base 12) to base 7.
-1
What is 3 (base 11) in base 16?
3
240 (base 5) to base 14
50
Convert 155 (base 7) to base 4.
1121
Convert 12 (base 11) to base 13.
10
What is -101 (base 2) in base 9?
-5
Convert 1 (base 13) to base 2.
1
What is 320 (base 4) in base 8?
70
Convert 211 (base 4) to base 8.
45
Convert -103 (base 8) to base 11.
-61
-2 (base 6) to base 12
-2
Convert 5 (base 6) to base 2.
101
What is -115 (base 9) in base 8?
-137
What is 0 (base 14) in base 7?
0
-4 (base 16) to base 3
-11
What is -9 (base 11) in base 12?
-9
What is -17 (base 8) in base 3?
-120
Convert -158 (base 14) to base 15.
-134
-2 (base 12) to base 13
-2
Convert -1100 (base 2) to base 3.
-110
Convert 2 (base 12) to base 10.
2
-9a (base 13) to base 5
-1002
-1 (base 14) to base 3
-1
What is b4 (base 15) in base 4?
2221
Convert -203 (base 12) to base 4.
-10203
16 (base 16) to base 14
18
Convert 1030 (base 4) to base 5.
301
-146 (base 8) to base 2
-1100110
Convert -1010101 (base 2) to base 14.
-61
What is -3 (base 7) in base 9?
-3
-11 (base 3) to base 7
-4
What is 4 (base 7) in base 6?
4
54 (base 7) to base 13
30
0 (base 12) to base 10
0
Convert -6 (base 16) to base 3.
-20
120 (base 9) to base 15
69
15 (base 10) to base 12
13
Convert -2 (base 10) to base 14.
-2
-42 (base 10) to base 2
-101010
What is 2 (base 12) in base 7?
2
11 (base 14) to base 12
13
-1 (base 13) to base 8
-1
Convert -11 (base 11) to base 9.
-13
-10001 (base 2) to base 8
-21
Convert 4 (base 5) to base 10.
4
1 (base 5) to base 6
1
59 (base 10) to base 3
2012
-255 (base 6) to base 16
-6b
What is b8 (base 12) in base 6?
352
Convert 0 (base 14) to base 3.
0
Convert -43 (base 5) to base 6.
-35
-153 (base 6) to base 3
-2120
3 (base 4) to base 10
3
Convert -202 (base 6) to base 9.
-82
-112 (base 13) to base 9
-224
Convert -2 (base 16) to base 12.
-2
Convert 35 (base 6) to base 4.
113
What is 1 (base 6) in base 14?
1
Convert 1000101 (base 2) to base 7.
126
What is 211 (base 3) in base 15?
17
Convert 130 (base 10) to base 11.
109
Convert -1 (base 12) to base 16.
-1
Convert 3 (base 10) to base 14.
3
Convert 10 (base 12) to base 10.
12
-26 (base 7) to base 13
-17
Convert 12 (base 12) to base 3.
112
What is 13 (base 13) in base 11?
15
451 (base 6) to base 13
106
What is -10 (base 16) in base 7?
-22
2 (base 14) to base 13
2
What is -86 (base 9) in base 7?
-141
-103 (base 9) to base 15
-59
Convert -2b (base 15) to base 12.
-35
Convert -112 (base 4) to base 15.
-17
What is 5 (base 9) in base 13?
5
What is 2 (base 11) in base 12?
2
Convert -230 (base 5) to base 11.
-5a
What is -3 (base 4) in base 7?
-3
What is 155 (base 7) in base 13?
6b
Convert 423 (base 6) to base 10.
159
What is -1a4 (base 15) in base 9?
-461
What is -2b (base 14) in base 12?
-33
What is -25 (base 9) in base 5?
-43
What is 11 (base 13) in base 4?
32
Convert 2 (base 12) to base 16.
2
-25 (base 12) to base 11
-27
f (base 16) to base 2
1111
-4 (base 10) to base 4
-10
Convert 222 (base 5) to base 12.
52
Convert -301 (base 7) to base 8.
-224
What is 1 (base 16) in base 9?
1
Convert -1b0 (base 13) to base 2.
-100111000
Convert 5 (base 12) to base 13.
5
What is -64 (base 10) in base 6?
-144
Convert 4 (base 15) to base 12.
4
What is -102 (base 4) in base 8?
-22
Convert -2 (base 14) to base 7.
-2
What is 1 (base 9) in base 5?
1
1 (base 12) to base 7
1
What is 2 (base 8) in base 12?
2
Convert -2 (base 7) to base 15.
-2
What is -24 (base 9) in base 12?
-1a
-33 (base 8) to base 12
-23
Convert -251 (base 7) to base 6.
-342
Convert 3 (base 6) to base 9.
3
What is -3 (base 7) in base 16?
-3
261 (base 9) to base 11
188
Convert 17 (base 12) to base 10.
19
126 (base 9) to base 5
410
What is 5a (base 12) in base 6?
154
-4 (base 12) to base 16
-4
Convert 11010 (base 2) to base 14.
1c
What is -2 (base 16) in base 14?
-2
Convert 27 (base 12) to base 9.
34
18 (base 15) to base 7
32
Convert 0 (base 6) to base 12.
0
-29 (base 11) to base 15
-21
0 (base 5) to base 7
0
Convert -a (base 11) to base 9.
-11
Convert -101010001 (base 2) to base 3.
-110111
Convert -315 (base 8) to base 12.
-151
3 (base 4) to base 6
3
What is -21 (base 3) in base 7?
-10
10 (base 14) to base 12
12
31 (base 5) to base 11
15
-11 (base 5) to base 10
-6
Convert 7 (base 12) to base 4.
13
Convert 1011 (base 2) to base 3.
102
Convert -12 (base 6) to base 2.
-1000
Convert 20 (base 6) to base 13.
c
Convert 16 (base 13) to base 10.
19
-202 (base 5) to base 7
-103
What is -50 (base 8) in base 3?
-1111
-1 (base 9) to base 3
-1
What is 149 (base 14) in base 8?
405
2210 (base 3) to base 12
63
41 (base 13) to base 2
110101
Convert -15 (base 10) to base 15.
-10
Convert 72 (base 9) to base 16.
41
What is -3e (base 16) in base 9?
-68
0 (base 7) to base 16
0
Convert -106 (base 8) to base 10.
-70
Convert -7 (base 13) to base 7.
-10
What is 9 (base 13) in base 6?
13
Convert -8 (base 15) to base 9.
-8
-6 (base 12) to base 2
-110
What is 3 (base 13) in base 7?
3
Convert -7 (base 13) to base 7.
-10
Convert -1a (base 15) to base 3.
-221
Convert -17 (base 13) to base 9.
-22
What is -13 (base 9) in base 10?
-12
What is 111 (base 2) in base 5?
12
Convert 2 (base 13) to base 8.
2
What is -77 (base 8) in base 12?
-53
4 (base 13) to base 11
4
Convert 7 (base 16) to base 14.
7
Convert 2 (base 5) to base 9.
2
-121 (base 5) to base 14
-28
Convert -4 (base 13) to base 3.
-11
3 (base 5) to base 13
3
What is 4 (base 16) in base 5?
4
Convert 1100010 (base 2) to base 4.
1202
Convert -1 (base 10) to base 12.
-1
Convert 21 (base 4) to base 13.
9
Convert -4 (base 7) to base 14.
-4
Convert